etermine u(25).
-22
Let b(c) = 9*c**2 - 80*c + 3. Determine b(9).
12
Let t(g) = 7*g + 20. Calculate t(-4).
-8
Let f(s) = s**3 + 12*s**2 + 16*s + 15. What is f(-11)?
-40
Let n(t) = -3*t**2 - 8*t - 10. Calculate n(-4).
-26
Let y(m) = -m**2 - 33*m - 33. Determine y(-32).
-1
Let d(h) = h**3 + 26*h**2 - 25*h + 43. What is d(-27)?
-11
Let d(r) = 4*r**2 - 25*r + 1. Give d(4).
-35
Let d(o) = o**3 + 17*o**2 - 59*o + 31. What is d(-20)?
11
Let t(u) = -10*u**2 + 7*u - 4. Determine t(4).
-136
Let m(q) = -q + 8. What is m(7)?
1
Let a(w) = -w**3 - 24*w**2 - 23*w + 4. What is a(-23)?
4
Let u(j) = 3*j**2 - 4*j - 1. Give u(4).
31
Let k(n) = n**2 - 6*n + 8. What is k(7)?
15
Let u(l) = -l**3 + 9*l - 4. Determine u(3).
-4
Let a(k) = k**3 - 12*k**2 + 114. Give a(11).
-7
Let w(j) = j**2 - 3*j - 1. Determine w(-6).
53
Let y(t) = 2*t**2 + 18*t + 1. Calculate y(-12).
73
Let i(m) = 3*m**2 + m - 10. Calculate i(3).
20
Let k(y) = y**3 + 5*y**2 - 2. What is k(-5)?
-2
Let n(h) = h**3 + h**2 + 4*h + 4. Calculate n(-3).
-26
Let v(n) = 9*n**2 + 4*n + 3. Determine v(-2).
31
Let i(p) = -2*p + 29. Determine i(0).
29
Let f(x) = x + 4. Give f(10).
14
Let r(d) = 20*d - 6. Give r(-3).
-66
Let i(u) = -14*u - 128. Give i(-9).
-2
Let v(s) = -s**2 - 11*s + 30. What is v(-14)?
-12
Let v(t) = -t**3 - 2*t**2 - 3*t + 3. Calculate v(2).
-19
Let d(w) = 2*w**2 + 2*w - 4. Determine d(-3).
8
Let d(v) = -2*v**2 - 41*v - 23. What is d(-20)?
-3
Let m(v) = 11*v - 8. What is m(-1)?
-19
Let i(u) = 28*u - 59. Determine i(2).
-3
Let m(w) = -w**2 + 10*w + 8. Give m(8).
24
Let z(y) = y**2 - 13*y + 33. Give z(11).
11
Let p(c) = 8*c - 19. What is p(-10)?
-99
Let l(v) = -v**3 - 6*v**2 - 5*v. What is l(-5)?
0
Let v(n) = -n**2 + 35*n - 37. Give v(34).
-3
Let q(n) = 5*n**2 + 103*n + 62. What is q(-20)?
2
Let o(n) = n**2 + 15*n - 13. Determine o(-13).
-39
Let z(c) = c**3 - 17*c**2 + 4*c - 48. Determine z(17).
20
Let p(n) = -n**3 - 33*n**2 + 34*n + 1. What is p(-34)?
1
Let x(r) = -28*r - 138. What is x(-5)?
2
Let a(j) = -7*j**2 + 1. Give a(-1).
-6
Let s(d) = 46*d**2 + 3*d + 1. Determine s(-1).
44
Let i(j) = -j**3 + 2*j**2 + 4*j - 3. Determine i(3).
0
Let r(f) = f**3 - 5*f**2 - 4*f - 11. Calculate r(6).
1
Let g(k) = k**3 + 6*k**2 - 4*k + 8. What is g(-7)?
-13
Let w(x) = 28*x**2 - 77*x - 10. Calculate w(3).
11
Let y(c) = 6*c - 6. Calculate y(4).
18
Let o(b) = b**2 + 5*b - 7. Give o(-5).
-7
Let i(p) = -5*p - 11. Give i(-3).
4
Let i(x) = -3*x**2 + 11*x - 4. Give i(2).
6
Let a(x) = -x**3 - 27*x**2 + 5*x + 130. Calculate a(-27).
-5
Let n(m) = -3*m + 3. Give n(0).
3
Let j(a) = -13*a**2 - 4*a - 5. Calculate j(-1).
-14
Let i(k) = -2*k**3 - 42*k**2 - k - 26. Give i(-21).
-5
Let v(n) = n + 21. Give v(-15).
6
Let d(q) = -q**2 - 7. Determine d(3).
-16
Let j(r) = -r - 48. Give j(-11).
-37
Let x(n) = -n - 5. Calculate x(-12).
7
Let j(a) = -314*a + 1875. Give j(6).
-9
Let j(n) = -n**3 - 5*n**2 + n - 9. Determine j(-5).
-14
Let j(p) = 2*p - 10. Determine j(6).
2
Let h(k) = -k**3 - 3*k - 2. Give h(0).
-2
Let s(p) = -p**3 - 24*p**2 - 25*p - 11. Determine s(-23).
35
Let o(l) = -l**2 + 3. Calculate o(-7).
-46
Let z(r) = r - 9. Determine z(4).
-5
Let y(g) = 28*g + 303. Determine y(-11).
-5
Let v(h) = h + 24. Determine v(20).
44
Let u(s) = -s**3 + 16*s**2 - 17*s + 34. Determine u(15).
4
Let l(r) = -5*r**2 - 11. What is l(5)?
-136
Let n(k) = 2*k + 4. Give n(-4).
-4
Let c(s) = -s**3 - 4*s**2 + 12*s - 9. Calculate c(4).
-89
Let q(y) = y**3 + 25*y**2 + 49*y + 72. Determine q(-23).
3
Let j(r) = r**2 - 11*r + 11. Determine j(7).
-17
Let a(n) = 6*n + 1. Give a(1).
7
Let r(w) = -49*w**3 - 2*w**2 - 2*w - 1. Give r(-1).
48
Let h(y) = y**2 + 4*y + 4. Calculate h(-6).
16
Let q(g) = g**3 + 6*g**2 - g - 2. What is q(-6)?
4
Let h(g) = g + 14. What is h(2)?
16
Let a(d) = d**3 + 15*d**2 - 15*d - 9. Give a(-16).
-25
Let m(c) = -c**3 + 24*c**2 - 96*c + 12. Calculate m(19).
-7
Let t(w) = -3*w**3 - 5*w**2 - 7*w - 10. Calculate t(-3).
47
Let h(p) = -2*p - 12. Calculate h(6).
-24
Let q(d) = d + 26. Determine q(0).
26
Let l(i) = -5*i + 11. Calculate l(-5).
36
Let a(h) = -h**3 + 4*h**2 + 5*h + 4. Determine a(5).
4
Let c(p) = 27*p + 4. What is c(-2)?
-50
Let x(r) = r**2 - 18*r - 16. Give x(0).
-16
Let b(q) = 15*q - 526. What is b(35)?
-1
Let n(d) = -4*d**2 + 2*d - 2. Determine n(2).
-14
Let u(h) = 14*h**2 - 3*h + 2. Determine u(-1).
19
Let v(j) = -5*j**3 - 3*j**2 - 3*j - 3. What is v(-2)?
31
Let u(l) = l**2 + 15*l + 12. Give u(-14).
-2
Let t(f) = 2*f - 21. Determine t(26).
31
Let u(c) = -3*c + 6. Determine u(4).
-6
Let i(q) = q**2 - 22*q - 48. Determine i(24).
0
Let j(u) = -15*u - 11. Give j(7).
-116
Let z(h) = -h**3 + h - 4. Calculate z(0).
-4
Let g(i) = 7*i**2 - 2*i + 7. Calculate g(-3).
76
Let m(h) = h**2 + 41*h - 380. Calculate m(-49).
12
Let n(a) = -a**3 + 13*a**2 - 16*a - 3. Give n(12).
-51
Let g(z) = -z**2 + 1. Calculate g(0).
1
Let h(k) = -k**2 - k - 28. Give h(0).
-28
Let t(o) = 5*o**2 + 39*o - 9. What is t(-8)?
-1
Let z(m) = 2*m**3 - 8*m**2 - 6*m - 9. Give z(5).
11
Let i(r) = r**3 + r**2 + 2*r - 1. Determine i(0).
-1
Let i(p) = -p**3 + 8*p**2 - 8*p + 4. Calculate i(3).
25
Let c(n) = -7*n + 11. Calculate c(-5).
46
Let l(y) = 5*y + 64. Calculate l(-2).
54
Let y(p) = -2*p + 28. What is y(14)?
0
Let o(s) = -s**3 + 4*s**2 + s + 5. Determine o(4).
9
Let b(m) = 13*m - 309. Calculate b(23).
-10
Let u(c) = -3*c - 37. What is u(-12)?
-1
Let s(l) = l**2 - 10*l + 6. Determine s(5).
-19
Let j(s) = 3*s**2 + 108. Determine j(0).
108
Let w(m) = -m**3 - 5*m**2 - 2*m - 4. What is w(-4)?
-12
Let w(g) = g**2 - 79. What is w(8)?
-15
Let t(q) = 5*q**2 + 3. What is t(-1)?
8
Let b(l) = l**2 + 12*l + 26. Determine b(-6).
-10
Let i(l) = -35*l - 64. Calculate i(-2).
6
Let i(l) = -l**3 - 6*l**2 - l + 2. Calculate i(-4).
-26
Let n(u) = u**3 - 4*u**2 - u - 2. Calculate n(3).
-14
Let r(a) = a**2 + 19*a - 26. What is r(-11)?
-114
Let j(z) = -z**3 + 21*z**2 - 21*z + 82. Determine j(20).
62
Let v(i) = -92*i**3 - 3*i**2 + 2*i + 4. What is v(-1)?
91
Let x(q) = -q**3 - 9*q**2 + 22*q + 2. Calculate x(-11).
2
Let d(j) = -j**2 + 11*j - 16. What is d(7)?
12
Let r(k) = -3*k**2 - 2*k + 17. What is r(4)?
-39
Let b(y) = -y - 55. Calculate b(-15).
-40
Let r(c) = c**3 + 10*c**2 - 9*c. Calculate r(1).
2
Let t(v) = v**3 + 6*v**2 + 3*v - 5. Give t(-5).
5
Let b(h) = -3*h + 9. Give b(6).
-9
Let h(k) = -k**3 - 8*k**2 - 11*k + 9. Give h(-6).
3
Let c(s) = 3*s**2 + 19*s + 23. Determine c(-5).
3
Let l(y) = 14*y + 446. Calculate l(-33).
-16
Let o(b) = -2*b**2 + 26*b - 13. What is o(12)?
11
Let t(k) = -k**3 + k - 165. Determine t(0).
-165
Let z(o) = 3*o**3 - 11*o**2 - 6. Determine z(4).
10
Let z(s) = s**3 - 4*s**2 - 2*s + 6. Give z(3).
-9
Let d(x) = -4*x**2 - 15*x - 39. What is d(-4)?
-43
Let u(g) = g**3 - 7*g**2 - 9*g - 7. Determine u(8).
-15
Let j(s) = 9*s + 64. What is j(-7)?
1
Let u(j) = -3*j + 22. What is u(-13)?
61
Let n(y) = -y**2 + 14*y + 11. Calculate n(15).
-4
Let i(g) = -g**3 + 15*g**2 + 4*g - 19. Give i(15).
41
Let n(d) = d**3 - 2*d**2 - d + 32. Calculate n(0).
32
Let f(a) = a**2 - 5*a - 90. Calculate f(12).
-6
Let j(d) = d**3 + 2*d**2 - 10*d + 23. Determine j(-5).
-2
Let v(n) = n**3 - 8*n**2 + 6*n + 10. Calculate v(7).
3
Let t(s) = -s**3 + 22*s**2 - 20*s - 15. What is t(21)?
6
Let f(n) = -n + 8. Calculate f(16).
-8
Let j(m) = m**2 - 4*m - 1. What is j(8)?
31
Let s(q) = -q - 19. What is s(6)?
-25
Let o(n) = n**2 + 7*n + 1. Give o(-6).
-5
Let r(u) = -52*u**3 + u**2 - 3*u + 1. What is r(1)?
-53
Let w(r) = -4*r - 4. Give w(2).
-12
Let u(i) = 3*i + 11. Calculate u(-7).
-10
Let p(u) = u - 2. What is p(-10)?
-12
Let n(j) = 2*j**2 + j - 20. Calculate n(3).
1
Let a(l) = 50*l + 10. What is a(-3)?
-140
Let v(y) = y**2 + 4*y - 39. Calculate v(-9).
6
Let v(g) = 50*g - 201. What is v(4)?
-1
Let c(y) = -y**2 - 6*y + 1. Calculate c(-5).
6
Let x(q) = -q**2 + 9*q - 6. Calculate x(10).
-16
Let j(i) = -i - 12. What is j(-12)?
0
Let r(o) = -o**3 - o**2 + 1. Determine r(-2).
5
Let o(n) = -n**2 + 16*n - 32. Calculate o(14).
-4
Let i(p) = -p**2 + p - 3. What is i(-9)?
-93
Let s(g) = -g**3 - 16*g**2 + 1. What is s(-16)?
1
Let l(h) = 2*h - 12. Give l(5).
-2
Let h(s) = 6*s - 6. Calculate h(-2).
-18
Let z(v) = v**2 - 7*v - 5. What is z(8)?
3
Let k(h) = -59*h + 1240. Give k(21).
1
Let h(q) = 2*q**3 + 17*q**2 - 9*q + 5. 